est common factor of j and r.
36
Let u = -681 - -763. What is the greatest common divisor of 287 and u?
41
Let w(b) be the first derivative of b**3/3 - 6*b**2 + 17*b - 41. Let t be w(12). Calculate the greatest common divisor of t and 51.
17
Let o be (5/2)/(4/8). Let a(w) = -w. Let p be a(-3). Suppose y - p*y + 90 = 0. Calculate the greatest common factor of y and o.
5
Let z be (5/10)/(1/12). Let v(h) = h. Let b(g) = -8*g + 4. Let d(m) = b(m) + 10*v(m). Let k be d(z). What is the greatest common factor of 2 and k?
2
Suppose -1760 = -6*t - 5*t. What is the highest common factor of t and 40?
40
Let g(c) = -c**3 + 6*c**2 + 3*c + 6. Let u be g(6). What is the highest common divisor of u and 60?
12
Let r(v) = -v**3 + 12*v**2 + 5*v + 4. Let q be r(12). Calculate the greatest common factor of q and 192.
64
Let a(h) = 14*h**3 - h**2 - h - 16. Let k be a(3). What is the greatest common factor of 50 and k?
50
Let q(h) = h**3 + 13*h**2 + 8*h + 14. Let o be q(-12). Suppose 0 = x + 1, -96 = -3*f - 0*f + 3*x. What is the highest common divisor of o and f?
31
Suppose 38*m - 21335 = -1955. Calculate the greatest common factor of m and 60.
30
Suppose 436 = 18*n - 68. Let f be (219 - -2) + 15/5. Calculate the highest common divisor of n and f.
28
Let r(g) = g**3 - 18*g**2 - 15*g - 22. Let u be r(19). What is the greatest common factor of 108 and u?
54
Suppose -4*u - 2*b + 909 = -5*b, b = 3*u - 678. What is the greatest common divisor of u and 25?
25
Suppose -185*y = -189*y + 144. Suppose i - 72 = -0*i. Calculate the highest common divisor of i and y.
36
Let o be -10*(3 - 186/12). Calculate the highest common factor of o and 25.
25
Suppose -62*r - 19125 = -71*r. What is the greatest common divisor of r and 125?
125
Suppose 0 = 2*q + 4*x - 6 - 22, q = 2*x + 2. Suppose 3*h = 47 - q. Calculate the greatest common divisor of h and 39.
13
Suppose -3*a - 1 = 11, 0 = -3*n - 2*a - 20. Let s(j) = 4*j**2 - 2*j - 20. Let v be s(n). What is the greatest common divisor of 13 and v?
13
Let f = -484 + 1704. Calculate the highest common factor of f and 20.
20
Suppose 0 = -q + 2*x - 7*x + 23, 0 = -4*q + 4*x + 68. Let b = 26 - 23. Let p(z) = 8*z - 6. Let t be p(b). What is the highest common factor of q and t?
18
Let q be (3 - (-1 + 3)) + 7 + 6. Calculate the greatest common divisor of 224 and q.
14
Let a = 38 + -23. Let d = -3 + 2. Let s be (45/10)/(d/(-30)). What is the highest common divisor of s and a?
15
Let u = 46 + -44. Calculate the highest common divisor of u and 14.
2
Suppose 5*p + 0*p + 880 = 5*s, 5*s + 3*p = 880. Let n = -105 + s. Let d = n - 51. Calculate the greatest common factor of 30 and d.
10
Let b = 93 + -87. What is the highest common divisor of 6 and b?
6
Let b be (-1)/(-4) + (-26)/8. Let k = b - -3. Suppose k = 2*f + 2 - 10. What is the highest common factor of 44 and f?
4
Suppose -7*f = -2*f - 20. Suppose -4*y - f + 16 = 0. Calculate the highest common divisor of y and 33.
3
Let p = 164 - 106. Let s = p - 10. Calculate the highest common divisor of 32 and s.
16
Suppose -543 = -4*t + 557. What is the highest common factor of 20 and t?
5
Suppose v = -2*v + 9. Suppose -v*i + 1 = -14. Suppose -i*y + 58 = 3*c - 10, -3*c = 12. What is the highest common divisor of y and 64?
16
Let j be -6 + 116 - (2/(-2) - -3). Calculate the highest common divisor of 36 and j.
36
Suppose 0 = -3*t - m + 332, -t - 4*m = -82 - 14. Calculate the greatest common divisor of t and 16.
16
Let u(o) = 3*o**2 + 27*o - 4. Let r be u(-12). Calculate the highest common factor of r and 8.
8
Let j be (-1)/((-3)/3526) - (-91)/(-273). What is the greatest common divisor of 47 and j?
47
Suppose -222 = -12*j + 6*j. Let h = 86 - j. Calculate the greatest common divisor of h and 7.
7
Let x be 2/((-6)/39)*-2. Let t(m) = m - 15. Let d be t(18). Suppose -39 = -d*z + 2*z. Calculate the greatest common divisor of x and z.
13
Suppose 0 = 2*l + 3*n - 19 - 20, 0 = -l + 5*n + 26. Calculate the greatest common divisor of l and 49.
7
Suppose 11801 = 41*q - 827. What is the greatest common factor of 140 and q?
28
Let q = -24 + 46. Suppose 4*s = -s - 195. Let g = 50 + s. What is the highest common factor of q and g?
11
Let o be 2/(-1) - -1*1. Let m be (-58)/(-4) + o/2. Let w(t) = 215*t + 2262. Let i be w(-10). Calculate the greatest common factor of i and m.
14
Let a be ((-45)/(-12))/((-1)/(-8)). Suppose -3*x = -y - 8, -3*y - 6 + a = 3*x. Calculate the highest common divisor of x and 4.
4
Suppose 0 = 17*m - 0*m - 51. Let b = -1 - -1. Suppose -h - m*i + 16 = b, -h - 8 = 4*i - 24. Calculate the highest common factor of 64 and h.
16
Let h(c) = 2. Let r(f) = -4*f - 21. Let d(p) = 2*h(p) - r(p). Let z be d(-5). Calculate the highest common factor of z and 85.
5
Suppose 0 = 5*d, -2*b + d = 4*d - 38. Let v(i) = 4*i**2. Let t be v(-1). Let u = b - t. Calculate the highest common factor of 15 and u.
15
Suppose -4 = 24*v - 23*v. Let p be ((-2976)/18)/v - (-4)/6. What is the greatest common divisor of p and 21?
21
Let b = 334 + -596. Let i be (-3)/(-12) - b/8. What is the highest common divisor of 3 and i?
3
Let m(k) = k**3 - 2*k**2 - 2*k + 11. Let a = 3 + 2. Let q be m(a). Calculate the highest common divisor of 57 and q.
19
Let c(d) = 5*d - 165. Let j be c(42). What is the highest common factor of j and 225?
45
Let f(s) = 4*s**3 + 5*s**2 + 6. Let t(l) = -l**3 - 1. Let c(i) = f(i) + 5*t(i). Let k be c(5). What is the greatest common factor of 1 and k?
1
Suppose 46*u - 8 = 48*u. Let q = -53 - -21. Let r be (-21)/u*q/(-6). What is the highest common divisor of r and 4?
4
Suppose -12 - 4 = 8*x. Let q be (42/(-36))/((-2)/(-6))*x. Let l(v) = -20*v**3 + v**2. Let r be l(-1). What is the highest common divisor of q and r?
7
Let g = -39 + 44. Suppose -w + 5*m = -23, w + 10*m + 7 = g*m. Calculate the greatest common divisor of 12 and w.
4
Let k = -880 - -1040. What is the highest common factor of k and 1360?
80
Let w be (100/5)/4*3. Let m be (w/(75/(-44)))/((-2)/25). Calculate the highest common divisor of m and 22.
22
Let q(a) = a**2 - 2. Let u be q(-2). Suppose -5 = -y - 2. Suppose 0 = -5*j - y*z + 216, -7 = 2*j + u*z - 95. Calculate the greatest common factor of j and 63.
21
Let k = 2 - 5. Let s be 1 + (k - (-2 - 0)). Suppose s*a = a - 136. What is the highest common factor of a and 17?
17
Suppose -49*o - 26*o + 2673 = 24*o. Suppose 6*r - r + 1163 = 4*k, -1178 = -4*k + 2*r. Calculate the greatest common divisor of o and k.
27
Let c(y) = 198*y - 35. Let n be c(3). What is the greatest common factor of n and 26?
13
Suppose -2*i + 15 = -5*i. Let n be 8*((-1)/i)/((-1)/(-5)). What is the highest common divisor of n and 20?
4
Suppose 0 = 2*x + 4*h - 112, -4*x - 13*h = -17*h - 188. Calculate the highest common factor of 100 and x.
50
Let c = 580 + -272. Suppose -657*r = -670*r + 364. Calculate the highest common factor of c and r.
28
Let d(l) = -3*l - 11. Let f be d(-9). Suppose 0 = -3*z + 5*z - f. Suppose -8 = -3*s + 2*s. What is the greatest common divisor of z and s?
8
Suppose -19*c = -15*c - 16. Suppose t - c*m - 33 = 0, -4*t - 2*m = -m - 183. What is the highest common divisor of 15 and t?
15
Suppose 4*w - 2 + 10 = 0. Let x be -8*((w - 1) + -30). Calculate the highest common factor of x and 24.
24
Let j = -8 - 82. Let c be (54/j)/(1/(-5)). What is the greatest common divisor of 3 and c?
3
Let f = -34 - -100. Let d = -21 - -29. Suppose -w - d + f = 5*k, 3*k = -4*w + 28. What is the highest common divisor of k and 12?
12
Suppose 102 = 32*v - 15*v. What is the greatest common divisor of 156 and v?
6
Let y(r) = -r + 378. Let g be y(0). Let o = -4020 - -4074. What is the highest common divisor of o and g?
54
Let o = 135 - 144. Let w be (3 - (o + 4))*(-1)/(-2). What is the greatest common divisor of w and 32?
4
Let c be ((-2)/6)/((-3)/45). Suppose 18 = c*f + 4*m - 72, 60 = 5*f - 2*m. Let r be 224/(-1)*1/(-2). Calculate the highest common factor of r and f.
14
Let i(z) = -3*z - 53. Let t be i(-18). Let p be 5/((-25)/(-30))*t. What is the greatest common factor of p and 1?
1
Let l(w) = w - 1. Let j be l(4). Let x be -1 + 2 + 8 - j. What is the highest common factor of x and 3?
3
Let r be (-594)/9*(-3)/2. What is the greatest common divisor of r and 33?
33
Suppose -3*g = -96 + 12. What is the greatest common factor of 20 and g?
4
Let k